 72*f + 148. Calculate b(-39).
-86
Let j(z) = -z**3 + 12*z**2 - 6*z + 138. What is j(13)?
-109
Let u(o) = 4*o + 219. Give u(-53).
7
Let q(g) = 2*g**2 + 9*g + 24. What is q(-9)?
105
Let d(w) = -w**2 - 77*w - 1339. Give d(-52).
-39
Let w(k) = -2*k**2 - 3*k + 82. Give w(-16).
-382
Let o(a) = 3*a**2 - 15*a - 304. Calculate o(16).
224
Let m(o) = 5*o - 163. What is m(-18)?
-253
Let b(x) = x**2 - 16*x + 25. Calculate b(24).
217
Let l(z) = -15*z - 296. What is l(-37)?
259
Let s(o) = 270*o - 22. Determine s(0).
-22
Let o(w) = w**3 + 106*w**2 + 311*w + 206. Give o(-103).
0
Let t(v) = v**2 - 24*v - 33. Calculate t(26).
19
Let d(p) = -p**3 + 7*p**2 - 11*p + 81. Determine d(6).
51
Let j(g) = -8*g**2 - 24*g + 21. Give j(-4).
-11
Let f(r) = -13*r + 105. Determine f(3).
66
Let b(a) = -1183*a + 3556. What is b(3)?
7
Let b(t) = 70*t - 1269. What is b(18)?
-9
Let r(v) = v**3 + 9*v**2 - 19*v + 34. Give r(-11).
1
Let g(w) = w**3 - 4*w**2 - 52*w + 164. Determine g(3).
-1
Let l(r) = 2*r**3 + 85*r**2 - 46*r - 120. What is l(-43)?
9
Let o(c) = 154*c - 22323. Calculate o(145).
7
Let g(n) = 634*n + 1248. Calculate g(-2).
-20
Let x(o) = -o**3 - 5*o**2 + 70*o - 1. What is x(6)?
23
Let c(k) = -110*k + 6279. What is c(57)?
9
Let n(r) = -8*r + 834. Calculate n(105).
-6
Let y(o) = 2*o**3 + 66*o**2 + 8*o + 262. What is y(-33)?
-2
Let r(f) = -f**3 - 16*f**2 + 49*f - 154. Determine r(-19).
-2
Let k(f) = -7*f**2 + 13*f - 21. Determine k(6).
-195
Let l(g) = -40842*g + 694317. Calculate l(17).
3
Let m(a) = 4*a - 38. Give m(-17).
-106
Let a(g) = -g**3 + 83*g**2 + 175*g - 444. What is a(85)?
-19
Let r(l) = -3*l + 195. Determine r(-21).
258
Let n(r) = -139*r + 3073. Give n(22).
15
Let m(x) = -x**2 + 117*x - 336. Determine m(3).
6
Let x(w) = -185*w - 4446. Determine x(-24).
-6
Let k(i) = 1535*i + 24571. Give k(-16).
11
Let p(b) = -b**3 - 215*b**2 + 1089*b - 2418. Determine p(-220).
2
Let i(l) = 34*l**3 - 6*l**2 - 5*l + 2. What is i(-2)?
-284
Let k(d) = d**2 - 50*d + 480. Determine k(37).
-1
Let r(y) = 3*y**2 - 191*y + 1147. Calculate r(57).
7
Let c(f) = f**2 + f - 345. Give c(18).
-3
Let f(l) = 1380*l + 8284. Calculate f(-6).
4
Let c(v) = 4*v**3 + 14*v**2 - 42*v. Determine c(2).
4
Let s(d) = d + 2. What is s(30)?
32
Let z(n) = -n**2 - 104*n - 808. Give z(-8).
-40
Let r(p) = 20*p - 130. Determine r(4).
-50
Let w(x) = -26*x - 579. What is w(-30)?
201
Let z(s) = s**2 - 89*s - 231. Give z(96).
441
Let s(j) = -j**3 + 5*j**2 + 18*j + 1. What is s(7)?
29
Let d(w) = w**3 - 17*w**2 - 38*w - 18. What is d(19)?
-18
Let u(r) = 4*r**2 + 80*r + 369. What is u(-13)?
5
Let k(y) = -21*y - 592. Calculate k(-30).
38
Let r(q) = q**3 + 12*q**2 - 16*q - 39. Calculate r(-13).
0
Let r(u) = -29*u**2 + 53*u + 12. What is r(2)?
2
Let x(r) = -r**2 - 91*r - 270. Determine x(-88).
-6
Let z(d) = -d**3 - 46*d**2 - 4*d - 89. Determine z(-46).
95
Let m(f) = 2*f**3 + 29*f**2 - 49*f - 47. What is m(-16)?
-31
Let c(p) = -p**2 + 39*p + 5343. Determine c(97).
-283
Let k(s) = 43*s**2 - 760*s + 499. Give k(17).
6
Let b(v) = -50*v + 546. What is b(11)?
-4
Let f(w) = -w**2 + 546*w + 22823. Calculate f(-39).
8
Let k(j) = -j**3 - 9*j**2 + 12*j + 82. Calculate k(-10).
62
Let v(d) = -d**3 - 2*d**2 + 16*d + 56. What is v(0)?
56
Let l(r) = -171*r - 2567. What is l(-15)?
-2
Let i(p) = p**3 + 32*p**2 - 33*p - 15. Give i(-33).
-15
Let t(k) = -168*k - 142. What is t(-1)?
26
Let z(r) = -63*r + 889. Give z(14).
7
Let x(k) = -290*k - 13058. Give x(-45).
-8
Let x(a) = 5*a**2 + 28*a + 3. Give x(5).
268
Let i(k) = -k**2 - 8*k + 274. Give i(12).
34
Let u(k) = k**3 - 14*k**2 + 37*k + 77. Give u(8).
-11
Let f(n) = n**3 + 122*n**2 - 270*n - 2732. Determine f(-124).
-4
Let f(a) = -4*a + 289. Calculate f(30).
169
Let r(i) = -i**2 + 284*i + 1994. Give r(-7).
-43
Let p(k) = k**2 + 39*k + 258. Determine p(-12).
-66
Let y(m) = -300*m - 268. What is y(-1)?
32
Let x(k) = -86*k**2 - 28811*k - 335. What is x(-335)?
0
Let w(p) = 11*p + 238. What is w(-20)?
18
Let c(s) = -48*s**2 - 528*s - 17. What is c(-11)?
-17
Let m(s) = -136*s + 9. Determine m(0).
9
Let i(r) = -16*r - 2. Determine i(0).
-2
Let o(f) = -f**2 + 320. Calculate o(0).
320
Let d(s) = -s**2 + 46*s - 479. What is d(15)?
-14
Let z(w) = 33*w**3 - 2*w**2 + 14*w - 12. Determine z(1).
33
Let j(r) = r**3 + 2*r**2 - 12*r + 11. What is j(2)?
3
Let l(p) = -p**3 + 41*p**2 - 84*p - 1142. Give l(38).
-2
Let s(h) = -h**2 - 4*h + 36. What is s(-6)?
24
Let l(n) = -22*n + 350. Determine l(12).
86
Let j(g) = -133*g - 10754. Give j(-80).
-114
Let i(f) = 78*f - 2. Give i(-4).
-314
Let g(d) = d**2 + 31*d - 754. What is g(15)?
-64
Let p(d) = -3*d**3 - 8*d**2 + 47*d + 138. What is p(-3)?
6
Let k(t) = -413*t + 10726. Give k(26).
-12
Let j(v) = 19*v - 74. Determine j(13).
173
Let d(r) = r**3 - 5*r**2 - 45*r + 33. Calculate d(9).
-48
Let d(z) = -1223*z - 13402. Determine d(-11).
51
Let t(c) = c**3 + 14*c**2 + 24*c + 15. What is t(-12)?
15
Let y(m) = m**3 + 7*m**2 - 435*m + 2. Determine y(17).
-457
Let w(h) = -h**2 + 87*h + 19269. What is w(-102)?
-9
Let d(s) = 6*s**3 - s**2 + 15*s + 71. Calculate d(-4).
-389
Let f(y) = -19*y**3 - 49*y**2 + 93*y + 4. What is f(2)?
-158
Let q(i) = 38*i**2 + 1442*i + 45. Give q(-38).
121
Let z(q) = q**2 - 46*q + 421. Give z(33).
-8
Let y(n) = 33*n + 274. Determine y(-13).
-155
Let j(i) = i**2 + 77*i + 1364. Determine j(-49).
-8
Let m(b) = -3*b**2 - 147*b + 285. What is m(-51)?
-21
Let b(y) = -577*y + 20776. What is b(36)?
4
Let x(q) = -q**2 + 72*q + 401. Give x(0).
401
Let p(u) = 3*u**3 + 93*u**2 + 15*u + 67. Give p(-31).
-398
Let v(y) = -37296*y + 111892. Give v(3).
4
Let h(r) = -9*r + 71. What is h(2)?
53
Let s(d) = 2*d**3 + 69*d**2 + 102*d + 105. What is s(-33)?
6
Let o(b) = b**2 - 29*b - 1513. Determine o(-28).
83
Let l(q) = 258*q + 33. Determine l(0).
33
Let o(m) = m**2 + 1540*m - 12411. Give o(8).
-27
Let l(h) = h**3 + 73*h**2 + 682*h. What is l(-11)?
0
Let d(h) = 7*h**2 - 116*h - 9783. Calculate d(-30).
-3
Let b(h) = 37*h + 161. What is b(-6)?
-61
Let g(h) = -75*h + 3617. Calculate g(49).
-58
Let w(l) = 4*l**2 - 694*l + 353. Calculate w(173).
7
Let n(h) = -2*h**2 + 16*h - 10. Calculate n(0).
-10
Let w(t) = -113*t**3 - 8*t + 7. Determine w(1).
-114
Let n(a) = -147*a - 581. Calculate n(-4).
7
Let q(i) = 1435*i + 2. Calculate q(0).
2
Let x(c) = -134*c + 4525. What is x(32)?
237
Let z(t) = 29*t - 1406. Determine z(48).
-14
Let g(p) = -2*p**2 + 339*p - 980. Give g(3).
19
Let i(d) = -d**3 + 14*d**2 - d - 295. Give i(12).
-19
Let k(c) = 2*c + 366. Determine k(-53).
260
Let z(x) = 13*x**3 - 64*x**2 - 80*x - 31. Calculate z(6).
-7
Let z(h) = h**3 - 23*h**2 + 59*h - 93. What is z(20)?
-113
Let y(w) = 27*w - 7. Give y(-7).
-196
Let d(o) = 2*o + 112. Determine d(-58).
-4
Let z(q) = q**3 - 34*q**2 - 53*q - 673. Calculate z(36).
11
Let x(b) = -b**3 + 7*b**2 - 14*b + 7. Calculate x(6).
-41
Let x(r) = r**3 - 4*r**2 - 15*r + 12. Give x(6).
-6
Let t(a) = a**2 - 26*a + 182. Determine t(23).
113
Let o(h) = 15*h - 802. What is o(37)?
-247
Let u(f) = f**3 - 26*f**2 + 108*f + 5. What is u(20)?
-235
Let g(s) = s**3 - 27*s**2 + 92*s + 29. What is g(23)?
29
Let j(y) = 6*y + 458. What is j(-65)?
68
Let r(i) = 50*i**2 + 9*i - 2. Determine r(-1).
39
Let x(r) = -2*r**3 - 4*r**2 + 65*r - 25. Determine x(-7).
10
Let t(r) = -r**3 + 34*r**2 - 5*r + 41. What is t(34)?
-129
Let c(x) = -2*x**3 + x + 294. Calculate c(0).
294
Let w(g) = 1035*g - 3104. Give w(3).
1
Let m(b) = 3*b**3 + 6*b**2 - 19*b - 42. Calculate m(-3).
-12
Let b(y) = 2*y**2 - 91*y + 124. Calculate b(44).
-8
Let p(g) = 3009*g + 6053. Determine p(-2).
35
Let z(w) = -w**3 + 15*w**2 + 51*w + 31. Determine z(17).
320
Let j(f) = 13685*f - 82105. Determine j(6).
5
Let r(t) = -47*t**3 - 2*t**2 + 4*t - 2. Give r(1).
-47
Let f(h) = h**3 + 112*h**2 - 243*h - 1707. Calculate f(-114).
3
Let l(u) = 2*u**2 + 55*u - 26. What is l(-18)?
-368
Let k(y) = -2*y**2 + 15*y + 266. What is k(17)?
-57
Let k(b) = -5*b**2 + 2*b - 41. Give k(5).
-156
Let f(v) = 2*v**2 - 19*v - 34. Calculate f(-5).
111
Let q(k) = -1513*k - 1503. What is q(-1)?
10
Let m(i) = -36*i**3 + 11*i**2 - 12*i + 1. Determine m(1).
-36
Let o(y) = -y**3 + 149*y + 64. Determine o(-12).
4
Let r(d) = 2834*d + 8522. Determine r(-3).
20
Let q(t) = -t**3 - 31*t**2 + 30*t - 9. What is q(-32)?
55
Let l(y) = y**2 - 29